111101?
10011110110
In base 9, what is -5600 - -14?
-5575
In base 9, what is -227 + -456?
-684
In base 16, what is db - 18c?
-b1
In base 15, what is -1b7b4 - -1?
-1b7b3
In base 16, what is b76 - -f5?
c6b
In base 14, what is 3195d + -6?
31957
In base 16, what is -15722 - 2?
-15724
In base 14, what is 14955c + 4?
149562
In base 16, what is e2a + -5?
e25
In base 4, what is 12000003033 + 1?
12000003100
In base 3, what is 100122000 + 2?
100122002
In base 2, what is 100100111000 - -11101000?
101000100000
In base 3, what is 1021011 + -10000?
1011011
In base 5, what is -1230 + 32024?
30244
In base 9, what is 6 - 15310?
-15303
In base 2, what is 11101 - -1101011111?
1101111100
In base 2, what is -1011 + -1101001111011?
-1101010000110
In base 12, what is -2b - 7835?
-7864
In base 9, what is -15 + 7455?
7440
In base 10, what is -31 + -432?
-463
In base 16, what is -7 + 60b3?
60ac
In base 12, what is 1 + 64328?
64329
In base 8, what is 132 - -273?
425
In base 6, what is -14552 - 4053?
-23045
In base 6, what is 43 + -121300?
-121213
In base 13, what is -1 + 28201?
28200
In base 7, what is -103660 - -2?
-103655
In base 5, what is -331 + -4200?
-10031
In base 14, what is 2 - -1db69c?
1db6a0
In base 7, what is -1 + -164666?
-165000
In base 14, what is 1ac0 - 2b?
1a93
In base 5, what is 102404 - -24?
102433
In base 16, what is -a - 1f01?
-1f0b
In base 9, what is 1 - 18836?
-18835
In base 9, what is 6 + -337526?
-337520
In base 7, what is -2641 - -355?
-2253
In base 4, what is 120302203 + -13?
120302130
In base 2, what is -1001000111110010111 + -100?
-1001000111110011011
In base 6, what is 50233 + -15?
50214
In base 4, what is 1021200 - -112?
1021312
In base 15, what is 313 + -98c?
-679
In base 11, what is 152 - 100?
52
In base 12, what is 1158 + -25?
1133
In base 12, what is -746a0 - 3?
-746a3
In base 6, what is -14 + 12221?
12203
In base 3, what is -2011 + -20222001?
-21001012
In base 11, what is -361 - -167?
-1a5
In base 9, what is 173 - 338?
-155
In base 5, what is -1203122 + -44?
-1203221
In base 2, what is -1010010111100001 + 0?
-1010010111100001
In base 5, what is -2422242221 - -1?
-2422242220
In base 16, what is -40 + a9f?
a5f
In base 2, what is -101 - 1100111100111000010?
-1100111100111000111
In base 11, what is 0 - -1174?
1174
In base 14, what is abd5 - 2d?
aba6
In base 11, what is 10a376 + -4?
10a372
In base 15, what is 2 - -a6cd?
a6d0
In base 4, what is -1203 - 312110?
-313313
In base 14, what is -8c179 + b?
-8c16c
In base 4, what is -101221 - 101120?
-203001
In base 6, what is -210504 - 35?
-210543
In base 14, what is 26ad6 + 9?
26b01
In base 4, what is -3 - 221010131?
-221010200
In base 3, what is 1121 - -2010122102?
2010201000
In base 6, what is -5 + -12233354?
-12233403
In base 13, what is -c499 + -a?
-c4a6
In base 3, what is 1011002 - -100?
1011102
In base 3, what is 202201222 + 10020?
202212012
In base 8, what is 2254 - -12?
2266
In base 8, what is -1727 + -116?
-2045
In base 2, what is 1 - 100010001011001110?
-100010001011001101
In base 14, what is -2a + -8d5?
-921
In base 4, what is 22322 + -22?
22300
In base 13, what is 20 + 8a7?
8c7
In base 10, what is -120946 + 1?
-120945
In base 12, what is -91b63 - -5?
-91b5a
In base 15, what is 2872 - -4?
2876
In base 14, what is -495 - -15?
-480
In base 9, what is -53 + 2400?
2336
In base 6, what is 233 - 3054?
-2421
In base 5, what is -211110 + -2?
-211112
In base 14, what is -1991 - aa?
-1a5b
In base 4, what is -132 - 20300003?
-20300201
In base 16, what is 9 - -10b?
114
In base 2, what is -110001 + -10111011011?
-11000001100
In base 7, what is 6060405 - -1?
6060406
In base 7, what is -2 - -44466?
44464
In base 10, what is 148 + -70?
78
In base 15, what is 5eb6 + 3?
5eb9
In base 13, what is 1b5 + -147?
6b
In base 11, what is 4 - 51122?
-51119
In base 16, what is -10d49 - -7?
-10d42
In base 16, what is -4 - -4e2?
4de
In base 11, what is -5a + -1019?
-1078
In base 16, what is 4 + 7bd?
7c1
In base 14, what is -109b2 - -5?
-109ab
In base 9, what is -1 - -221638?
221637
In base 11, what is -2 - -1473a?
14738
In base 12, what is 290 - -b29?
11b9
In base 8, what is -42 - 16023?
-16065
In base 4, what is 12312312 - 2?
12312310
In base 5, what is -20 + 1112?
1042
In base 12, what is 1 + -92401?
-92400
In base 15, what is 1ab - 9b1?
-805
In base 16, what is c6 - 351a?
-3454
In base 3, what is 2 + 2000221?
2001000
In base 7, what is 1210 + -42?
1135
In base 16, what is 2e3 - -31?
314
In base 2, what is -1011 + -10011100?
-10100111
In base 3, what is -11 + 100012111?
100012100
In base 6, what is 5 - 220214?
-220205
In base 14, what is -1d8bd + 5?
-1d8b8
In base 14, what is 14 + 4303?
4317
In base 9, what is 1733 - 102?
1631
In base 11, what is -2 + 97a22?
97a20
In base 9, what is -413676 - -5?
-413671
In base 15, what is -271 - -2ae?
3d
In base 12, what is -3 + -18095?
-18098
In base 14, what is -13 - 17328?
-1733b
In base 9, what is -55 - -37215?
37150
In base 3, what is 12 - 112102011121?
-112102011102
In base 11, what is -2 - -5088?
5086
In base 14, what is 3 - 1d6a?
-1d67
In base 15, what is 6 + -24d2?
-24cb
In base 15, what is -49 + -c?
-56
In base 10, what is 6 + -111328?
-111322
In base 5, what is -1214133 + 2?
-1214131
In base 8, what is 1247 - 77?
1150
In base 14, what is -3002 - 93?
-3095
In base 10, what is -38578 + -4?
-38582
In base 14, what is 181858 + 4?
18185c
In base 5, what is 3 - -1241312?
1241320
In base 2, what is -1111011111011001 - -1?
-1111011111011000
In base 11, what is 1 + -26623?
-26622
In base 12, what is -99ba9 + 6?
-99ba3
In base 2, what is 10010010011111111001 + 0?
10010010011111111001
In base 6, what is 14 - -1233124?
1233142
In base 15, what is 2 + b37?
b39
In base 14, what is -1c + 671?
653
In base 6, what is 1252102 - 3?
1252055
In base 14, what is 3 + -5aa92?
-5aa8d
In base 11, what is -950a4 - 5?
-950a9
In base 10, what is -62729 + -4?
-62733
In base 14, what is -1572 - 20?
-1592
In base 2, what is 11000010101111 + 1111?
11000010111110
In base 12, what is 356b01 - 1?
356b00
In base 2, what is 110 - -10000100101?
10000101011
In base 16, what is -14 + 34b?
337
In base 13, what is -521c6 - -2?
-521c4
In base 13, what is b4 + -164?
-80
In base 3, what is -2012222 - 100?
-2020022
In base 6, what is -5 + 22210344?
22210335
In base 11, what is 60939 - -3?
60941
In base 10, what is 1969614 + -3?
1969611
In base 7, what is 32 - 35166?
-35134
In base 11, what is -7 - -7294?
7288
In base 7, what is 222541 + -1?
222540
In base 7, what is 415 + 1432?
2150
In base 3, what is -1 - -2222120200?
2222120122
In base 9, what is -10 + 3103?
3083
In base 2, what is -1000101011111 + 11001?
-1000101000110
In base 2, what is -11 + -111101000111101001?
-111101000111101100
In base 10, what is -1137 - 42?
-1179
In base 5, what is 3 - -1422143?
1422201
In base 16, what is 2 + b6b19?
b6b1b
In base 7, what is 5 + -414220?
-414212
In base 7, what is 1333422 - -35?
1333460
In base 3, what is 2012101111 + -12?
2012101022
In base 6, what is -1405 - 520?
-2325
In base 10, what is 6709 - -3?
6712
In base 8, what is 355 - -7446?
10023
In base 14, what is -26799c + -3?
-2679a1
In base 13, what is -205 + -71?
-276
In base 13, what is 3 - a2612?
-a260c
In base 11, what is 152 + 21a1?
2343
In base 5, what is 1 - -40023241?
40023242
In base 9, what is -523312 - 6?
-523318
In base 11, what is 30791 + -5?
30787
In base 13, what is -1 + b5cb?
b5ca
In base 15, what is 1512 + de?
1601
In base 8, what is 21073 + -3?
21070
In base 2, what is -111001011000001100011 + 101?
-111001011000001011110
In base 16, what is 2 + 37c4a?
37c4c
In base 16, what is 18ed + f?
18fc
In base 7, what is -10515 - 13?
-10531
In base 8, what is -44 + -655?
-721
In base 10, what is 12 + -11187?
-11175
In base 7, what is -1013445 - -32?
-1013413
In base 14, what is c1 - 8d?
32
In base 15, what is 2 - -7bc2?
7bc4
In base 4, what is -10112 - -13210?
3032
In base 11, what is -224a92 - 0?
-224a92
In base 13, what is 4 - -4cc80?
4cc84
In base 14, what is c4 + -c881?
-c79b
In base 7, what is 11 + -41101?
-41060
In base 13, what is 195 + -3309?
-3144
In base 6, what is 3 + 14445?
14452
In base 9, what is -210116 + -8?
-210125
In base 8, what is -4 - 20726?
-20732
In base 14, what is -c6 + 358?
272
In base 11, what is -9 + -28a32?
-28a40
In base 15, w